{"id":195972,"date":"2023-09-05T11:52:23","date_gmt":"2023-09-05T09:52:23","guid":{"rendered":"https:\/\/bringers.app\/shop\/?post_type=product&#038;p=195972"},"modified":"2024-12-14T10:51:08","modified_gmt":"2024-12-14T09:51:08","slug":"biopak-50","status":"publish","type":"product","link":"https:\/\/bringers.app\/shop\/produkt\/biopak-50\/","title":{"rendered":"Dressingbecher 120 ml Transparent ungeteilt, 2400 Stk\/Krt (12 x 200 Stk) (ohne Deckel)"},"content":{"rendered":"<p>Unsere Dressing- und Saucenbecher sind in mehreren praktischen und Gr\u00f6\u00dfen erh\u00e4ltlich und passen perfekt zu all unseren nachhaltigen Take-away-L\u00f6sungen. Diese kristallklaren transparenten Becher bestehen zu 100 % aus recyceltem PET (RPET). Material: recyceltes PET. Datenblatt: <a href=\"https:\/\/mediabank.duni.com\/doc\/195972_DoC_de.pdf\">Deutsch\u00a0\u00a0<\/a>\/\u00a0 <a href=\"https:\/\/bringers.app\/shop\/wp-content\/uploads\/2023\/09\/195972_en.pdf\">Englisch<\/a><\/p>\n","protected":false},"excerpt":{"rendered":"<p>St\u00fcckpreis: 0,04 \u20ac<br \/>\nUSP:<br \/>\n\u2022 Aus 100 % recyceltem Material<br \/>\n\u2022 Ausgezeichnete Stapelbarkeit<br \/>\nPassender Deckel Artikelnummer 195973<\/p>\n","protected":false},"featured_media":887748,"comment_status":"open","ping_status":"closed","template":"","meta":{"_et_pb_use_builder":"","_et_pb_old_content":"","_et_gb_content_width":""},"product_cat":[48],"product_tag":[],"class_list":{"0":"post-195972","1":"product","2":"type-product","3":"status-publish","4":"has-post-thumbnail","6":"product_cat-suppenbecher-dressingbecher","8":"first","9":"instock","10":"taxable","11":"shipping-taxable","12":"purchasable","13":"product-type-simple"},"yoast_head":"<!-- This site is optimized with the Yoast SEO plugin v22.1 - https:\/\/yoast.com\/wordpress\/plugins\/seo\/ -->\n<title>Dressingbecher 120 ml Transparent ungeteilt, 2400 Stk\/Krt (12 x 200 Stk) (ohne Deckel) - BRINGERS Shop<\/title>\n<meta name=\"robots\" content=\"index, follow, max-snippet:-1, max-image-preview:large, max-video-preview:-1\" \/>\n<link rel=\"canonical\" href=\"https:\/\/bringers.app\/shop\/produkt\/biopak-50\/\" \/>\n<meta property=\"og:locale\" content=\"de_DE\" \/>\n<meta property=\"og:type\" content=\"article\" \/>\n<meta property=\"og:title\" content=\"Dressingbecher 120 ml Transparent ungeteilt, 2400 Stk\/Krt (12 x 200 Stk) (ohne Deckel) - BRINGERS Shop\" \/>\n<meta property=\"og:description\" content=\"St\u00fcckpreis: 0,04 \u20ac USP: \u2022 Aus 100 % recyceltem Material \u2022 Ausgezeichnete Stapelbarkeit Passender Deckel Artikelnummer 195973\" \/>\n<meta property=\"og:url\" content=\"https:\/\/bringers.app\/shop\/produkt\/biopak-50\/\" \/>\n<meta property=\"og:site_name\" content=\"BRINGERS Shop\" \/>\n<meta property=\"article:modified_time\" content=\"2024-12-14T09:51:08+00:00\" \/>\n<meta property=\"og:image\" content=\"https:\/\/bringers.app\/shop\/wp-content\/uploads\/2023\/09\/195972.jpg\" \/>\n\t<meta property=\"og:image:width\" content=\"2401\" \/>\n\t<meta property=\"og:image:height\" content=\"2401\" \/>\n\t<meta property=\"og:image:type\" content=\"image\/jpeg\" \/>\n<meta name=\"twitter:card\" content=\"summary_large_image\" \/>\n<meta name=\"twitter:label1\" content=\"Gesch\u00e4tzte Lesezeit\" \/>\n\t<meta name=\"twitter:data1\" content=\"1\u00a0Minute\" \/>\n<script type=\"application\/ld+json\" class=\"yoast-schema-graph\">{\"@context\":\"https:\/\/schema.org\",\"@graph\":[{\"@type\":\"WebPage\",\"@id\":\"https:\/\/bringers.app\/shop\/produkt\/biopak-50\/\",\"url\":\"https:\/\/bringers.app\/shop\/produkt\/biopak-50\/\",\"name\":\"Dressingbecher 120 ml Transparent ungeteilt, 2400 Stk\/Krt (12 x 200 Stk) (ohne Deckel) - BRINGERS Shop\",\"isPartOf\":{\"@id\":\"https:\/\/bringers.app\/shop\/#website\"},\"datePublished\":\"2023-09-05T09:52:23+00:00\",\"dateModified\":\"2024-12-14T09:51:08+00:00\",\"breadcrumb\":{\"@id\":\"https:\/\/bringers.app\/shop\/produkt\/biopak-50\/#breadcrumb\"},\"inLanguage\":\"de\",\"potentialAction\":[{\"@type\":\"ReadAction\",\"target\":[\"https:\/\/bringers.app\/shop\/produkt\/biopak-50\/\"]}]},{\"@type\":\"BreadcrumbList\",\"@id\":\"https:\/\/bringers.app\/shop\/produkt\/biopak-50\/#breadcrumb\",\"itemListElement\":[{\"@type\":\"ListItem\",\"position\":1,\"name\":\"Startseite\",\"item\":\"https:\/\/bringers.app\/shop\/\"},{\"@type\":\"ListItem\",\"position\":2,\"name\":\"Shop\",\"item\":\"https:\/\/bringers.app\/shop\/shop\/\"},{\"@type\":\"ListItem\",\"position\":3,\"name\":\"Dressingbecher 120 ml Transparent ungeteilt, 2400 Stk\/Krt (12 x 200 Stk) (ohne Deckel)\"}]},{\"@type\":\"WebSite\",\"@id\":\"https:\/\/bringers.app\/shop\/#website\",\"url\":\"https:\/\/bringers.app\/shop\/\",\"name\":\"BRINGERS Shop\",\"description\":\"Material f\u00fcr die Lieferung von Lebensmitteln und Ern\u00e4hrungsprodukten\",\"potentialAction\":[{\"@type\":\"SearchAction\",\"target\":{\"@type\":\"EntryPoint\",\"urlTemplate\":\"https:\/\/bringers.app\/shop\/?s={search_term_string}\"},\"query-input\":\"required name=search_term_string\"}],\"inLanguage\":\"de\"}]}<\/script>\n<!-- \/ Yoast SEO plugin. -->","yoast_head_json":{"title":"Dressingbecher 120 ml Transparent ungeteilt, 2400 Stk\/Krt (12 x 200 Stk) (ohne Deckel) - BRINGERS Shop","robots":{"index":"index","follow":"follow","max-snippet":"max-snippet:-1","max-image-preview":"max-image-preview:large","max-video-preview":"max-video-preview:-1"},"canonical":"https:\/\/bringers.app\/shop\/produkt\/biopak-50\/","og_locale":"de_DE","og_type":"article","og_title":"Dressingbecher 120 ml Transparent ungeteilt, 2400 Stk\/Krt (12 x 200 Stk) (ohne Deckel) - BRINGERS Shop","og_description":"St\u00fcckpreis: 0,04 \u20ac USP: \u2022 Aus 100 % recyceltem Material \u2022 Ausgezeichnete Stapelbarkeit Passender Deckel Artikelnummer 195973","og_url":"https:\/\/bringers.app\/shop\/produkt\/biopak-50\/","og_site_name":"BRINGERS Shop","article_modified_time":"2024-12-14T09:51:08+00:00","og_image":[{"width":2401,"height":2401,"url":"https:\/\/bringers.app\/shop\/wp-content\/uploads\/2023\/09\/195972.jpg","type":"image\/jpeg"}],"twitter_card":"summary_large_image","twitter_misc":{"Gesch\u00e4tzte Lesezeit":"1\u00a0Minute"},"schema":{"@context":"https:\/\/schema.org","@graph":[{"@type":"WebPage","@id":"https:\/\/bringers.app\/shop\/produkt\/biopak-50\/","url":"https:\/\/bringers.app\/shop\/produkt\/biopak-50\/","name":"Dressingbecher 120 ml Transparent ungeteilt, 2400 Stk\/Krt (12 x 200 Stk) (ohne Deckel) - BRINGERS Shop","isPartOf":{"@id":"https:\/\/bringers.app\/shop\/#website"},"datePublished":"2023-09-05T09:52:23+00:00","dateModified":"2024-12-14T09:51:08+00:00","breadcrumb":{"@id":"https:\/\/bringers.app\/shop\/produkt\/biopak-50\/#breadcrumb"},"inLanguage":"de","potentialAction":[{"@type":"ReadAction","target":["https:\/\/bringers.app\/shop\/produkt\/biopak-50\/"]}]},{"@type":"BreadcrumbList","@id":"https:\/\/bringers.app\/shop\/produkt\/biopak-50\/#breadcrumb","itemListElement":[{"@type":"ListItem","position":1,"name":"Startseite","item":"https:\/\/bringers.app\/shop\/"},{"@type":"ListItem","position":2,"name":"Shop","item":"https:\/\/bringers.app\/shop\/shop\/"},{"@type":"ListItem","position":3,"name":"Dressingbecher 120 ml Transparent ungeteilt, 2400 Stk\/Krt (12 x 200 Stk) (ohne Deckel)"}]},{"@type":"WebSite","@id":"https:\/\/bringers.app\/shop\/#website","url":"https:\/\/bringers.app\/shop\/","name":"BRINGERS Shop","description":"Material f\u00fcr die Lieferung von Lebensmitteln und Ern\u00e4hrungsprodukten","potentialAction":[{"@type":"SearchAction","target":{"@type":"EntryPoint","urlTemplate":"https:\/\/bringers.app\/shop\/?s={search_term_string}"},"query-input":"required name=search_term_string"}],"inLanguage":"de"}]}},"_links":{"self":[{"href":"https:\/\/bringers.app\/shop\/wp-json\/wp\/v2\/product\/195972","targetHints":{"allow":["GET"]}}],"collection":[{"href":"https:\/\/bringers.app\/shop\/wp-json\/wp\/v2\/product"}],"about":[{"href":"https:\/\/bringers.app\/shop\/wp-json\/wp\/v2\/types\/product"}],"replies":[{"embeddable":true,"href":"https:\/\/bringers.app\/shop\/wp-json\/wp\/v2\/comments?post=195972"}],"wp:featuredmedia":[{"embeddable":true,"href":"https:\/\/bringers.app\/shop\/wp-json\/wp\/v2\/media\/887748"}],"wp:attachment":[{"href":"https:\/\/bringers.app\/shop\/wp-json\/wp\/v2\/media?parent=195972"}],"wp:term":[{"taxonomy":"product_cat","embeddable":true,"href":"https:\/\/bringers.app\/shop\/wp-json\/wp\/v2\/product_cat?post=195972"},{"taxonomy":"product_tag","embeddable":true,"href":"https:\/\/bringers.app\/shop\/wp-json\/wp\/v2\/product_tag?post=195972"}],"curies":[{"name":"wp","href":"https:\/\/api.w.org\/{rel}","templated":true}]}}