{"id":196728,"date":"2023-09-05T11:52:32","date_gmt":"2023-09-05T09:52:32","guid":{"rendered":"https:\/\/bringers.app\/shop\/?post_type=product&#038;p=196728"},"modified":"2024-12-14T10:48:24","modified_gmt":"2024-12-14T09:48:24","slug":"biopak-55","status":"publish","type":"product","link":"https:\/\/bringers.app\/shop\/produkt\/biopak-55\/","title":{"rendered":"Sushi Box 390 ml Braun ungeteilt, 400 Stk\/Krt (4 x 100 Stk) (ohne Deckel)"},"content":{"rendered":"<p>Unser Sushi-Sortiment aus Zuckerrohr (Bagasse) wurde mit Blick auf den Planeten entwickelt. Die einzigartigen Sushiboxen bestehen aus erneuerbaren und kompostierbaren Zuckerrohrfasern (Bagasse) und Deckeln aus 100 % aus recyceltem PET-Material. F\u00fcr das perfekte Sushi-Erlebnis, bei dem die Umweltbelastung minimiert wird. Auch f\u00fcr viele weitere Speisen geeignet. Das sind gute Nachrichten f\u00fcr alle, insbesondere f\u00fcr Sushi-Liebhaber. Material: Zuckerrohrfaser. Datenblatt:\u00a0 <a href=\"https:\/\/bringers.app\/shop\/wp-content\/uploads\/2023\/09\/196728_de-1.pdf\">Deutsch<\/a>\u00a0\/ <a href=\"https:\/\/mediabank.duni.com\/doc\/196728_DoC_en.pdf\">Englisch<\/a><\/p>\n","protected":false},"excerpt":{"rendered":"<p>St\u00fcckpreis: 0,14 \u20ac<br \/>\nUSP:<br \/>\n\u2022 Schale gem\u00e4\u00df Zertifikat f\u00fcr die heimische Kompostierung geeignet.<br \/>\n\u2022 Schalen aus nachwachsenden Rohstoffen hergestellt<br \/>\n\u2022 RPET-Deckel aus 100 % recyceltem Material<br \/>\n\u2022 Ausgezeichnete Stapelbarkeit<br \/>\n\u2022 Wasser- und fettbest\u00e4ndig<br \/>\nPassender Deckel Artikelnummer 196734<\/p>\n","protected":false},"featured_media":887753,"comment_status":"open","ping_status":"closed","template":"","meta":{"_et_pb_use_builder":"","_et_pb_old_content":"","_et_gb_content_width":""},"product_cat":[205,203,47],"product_tag":[],"class_list":{"0":"post-196728","1":"product","2":"type-product","3":"status-publish","4":"has-post-thumbnail","6":"product_cat-bagasse-boxen-schalen","7":"product_cat-servierplatten","8":"product_cat-sushi-boxen","10":"first","11":"instock","12":"taxable","13":"shipping-taxable","14":"purchasable","15":"product-type-simple"},"yoast_head":"<!-- This site is optimized with the Yoast SEO plugin v22.1 - https:\/\/yoast.com\/wordpress\/plugins\/seo\/ -->\n<title>Sushi Box 390 ml Braun ungeteilt, 400 Stk\/Krt (4 x 100 Stk) (ohne Deckel) - BRINGERS Shop<\/title>\n<meta name=\"robots\" content=\"index, follow, max-snippet:-1, max-image-preview:large, max-video-preview:-1\" \/>\n<link rel=\"canonical\" href=\"https:\/\/bringers.app\/shop\/produkt\/biopak-55\/\" \/>\n<meta property=\"og:locale\" content=\"de_DE\" \/>\n<meta property=\"og:type\" content=\"article\" \/>\n<meta property=\"og:title\" content=\"Sushi Box 390 ml Braun ungeteilt, 400 Stk\/Krt (4 x 100 Stk) (ohne Deckel) - BRINGERS Shop\" \/>\n<meta property=\"og:description\" content=\"St\u00fcckpreis: 0,14 \u20ac USP: \u2022 Schale gem\u00e4\u00df Zertifikat f\u00fcr die heimische Kompostierung geeignet. \u2022 Schalen aus nachwachsenden Rohstoffen hergestellt \u2022 RPET-Deckel aus 100 % recyceltem Material \u2022 Ausgezeichnete Stapelbarkeit \u2022 Wasser- und fettbest\u00e4ndig Passender Deckel Artikelnummer 196734\" \/>\n<meta property=\"og:url\" content=\"https:\/\/bringers.app\/shop\/produkt\/biopak-55\/\" \/>\n<meta property=\"og:site_name\" content=\"BRINGERS Shop\" \/>\n<meta property=\"article:modified_time\" content=\"2024-12-14T09:48:24+00:00\" \/>\n<meta property=\"og:image\" content=\"https:\/\/bringers.app\/shop\/wp-content\/uploads\/2023\/09\/196728-scaled.jpg\" \/>\n\t<meta property=\"og:image:width\" content=\"2560\" \/>\n\t<meta property=\"og:image:height\" content=\"2560\" \/>\n\t<meta property=\"og:image:type\" content=\"image\/jpeg\" \/>\n<meta name=\"twitter:card\" content=\"summary_large_image\" \/>\n<meta name=\"twitter:label1\" content=\"Gesch\u00e4tzte Lesezeit\" \/>\n\t<meta name=\"twitter:data1\" content=\"1\u00a0Minute\" \/>\n<script type=\"application\/ld+json\" class=\"yoast-schema-graph\">{\"@context\":\"https:\/\/schema.org\",\"@graph\":[{\"@type\":\"WebPage\",\"@id\":\"https:\/\/bringers.app\/shop\/produkt\/biopak-55\/\",\"url\":\"https:\/\/bringers.app\/shop\/produkt\/biopak-55\/\",\"name\":\"Sushi Box 390 ml Braun ungeteilt, 400 Stk\/Krt (4 x 100 Stk) (ohne Deckel) - BRINGERS Shop\",\"isPartOf\":{\"@id\":\"https:\/\/bringers.app\/shop\/#website\"},\"datePublished\":\"2023-09-05T09:52:32+00:00\",\"dateModified\":\"2024-12-14T09:48:24+00:00\",\"breadcrumb\":{\"@id\":\"https:\/\/bringers.app\/shop\/produkt\/biopak-55\/#breadcrumb\"},\"inLanguage\":\"de\",\"potentialAction\":[{\"@type\":\"ReadAction\",\"target\":[\"https:\/\/bringers.app\/shop\/produkt\/biopak-55\/\"]}]},{\"@type\":\"BreadcrumbList\",\"@id\":\"https:\/\/bringers.app\/shop\/produkt\/biopak-55\/#breadcrumb\",\"itemListElement\":[{\"@type\":\"ListItem\",\"position\":1,\"name\":\"Startseite\",\"item\":\"https:\/\/bringers.app\/shop\/\"},{\"@type\":\"ListItem\",\"position\":2,\"name\":\"Shop\",\"item\":\"https:\/\/bringers.app\/shop\/shop\/\"},{\"@type\":\"ListItem\",\"position\":3,\"name\":\"Sushi Box 390 ml Braun ungeteilt, 400 Stk\/Krt (4 x 100 Stk) (ohne Deckel)\"}]},{\"@type\":\"WebSite\",\"@id\":\"https:\/\/bringers.app\/shop\/#website\",\"url\":\"https:\/\/bringers.app\/shop\/\",\"name\":\"BRINGERS Shop\",\"description\":\"Material f\u00fcr die Lieferung von Lebensmitteln und Ern\u00e4hrungsprodukten\",\"potentialAction\":[{\"@type\":\"SearchAction\",\"target\":{\"@type\":\"EntryPoint\",\"urlTemplate\":\"https:\/\/bringers.app\/shop\/?s={search_term_string}\"},\"query-input\":\"required name=search_term_string\"}],\"inLanguage\":\"de\"}]}<\/script>\n<!-- \/ Yoast SEO plugin. -->","yoast_head_json":{"title":"Sushi Box 390 ml Braun ungeteilt, 400 Stk\/Krt (4 x 100 Stk) (ohne Deckel) - BRINGERS Shop","robots":{"index":"index","follow":"follow","max-snippet":"max-snippet:-1","max-image-preview":"max-image-preview:large","max-video-preview":"max-video-preview:-1"},"canonical":"https:\/\/bringers.app\/shop\/produkt\/biopak-55\/","og_locale":"de_DE","og_type":"article","og_title":"Sushi Box 390 ml Braun ungeteilt, 400 Stk\/Krt (4 x 100 Stk) (ohne Deckel) - BRINGERS Shop","og_description":"St\u00fcckpreis: 0,14 \u20ac USP: \u2022 Schale gem\u00e4\u00df Zertifikat f\u00fcr die heimische Kompostierung geeignet. \u2022 Schalen aus nachwachsenden Rohstoffen hergestellt \u2022 RPET-Deckel aus 100 % recyceltem Material \u2022 Ausgezeichnete Stapelbarkeit \u2022 Wasser- und fettbest\u00e4ndig Passender Deckel Artikelnummer 196734","og_url":"https:\/\/bringers.app\/shop\/produkt\/biopak-55\/","og_site_name":"BRINGERS Shop","article_modified_time":"2024-12-14T09:48:24+00:00","og_image":[{"width":2560,"height":2560,"url":"https:\/\/bringers.app\/shop\/wp-content\/uploads\/2023\/09\/196728-scaled.jpg","type":"image\/jpeg"}],"twitter_card":"summary_large_image","twitter_misc":{"Gesch\u00e4tzte Lesezeit":"1\u00a0Minute"},"schema":{"@context":"https:\/\/schema.org","@graph":[{"@type":"WebPage","@id":"https:\/\/bringers.app\/shop\/produkt\/biopak-55\/","url":"https:\/\/bringers.app\/shop\/produkt\/biopak-55\/","name":"Sushi Box 390 ml Braun ungeteilt, 400 Stk\/Krt (4 x 100 Stk) (ohne Deckel) - BRINGERS Shop","isPartOf":{"@id":"https:\/\/bringers.app\/shop\/#website"},"datePublished":"2023-09-05T09:52:32+00:00","dateModified":"2024-12-14T09:48:24+00:00","breadcrumb":{"@id":"https:\/\/bringers.app\/shop\/produkt\/biopak-55\/#breadcrumb"},"inLanguage":"de","potentialAction":[{"@type":"ReadAction","target":["https:\/\/bringers.app\/shop\/produkt\/biopak-55\/"]}]},{"@type":"BreadcrumbList","@id":"https:\/\/bringers.app\/shop\/produkt\/biopak-55\/#breadcrumb","itemListElement":[{"@type":"ListItem","position":1,"name":"Startseite","item":"https:\/\/bringers.app\/shop\/"},{"@type":"ListItem","position":2,"name":"Shop","item":"https:\/\/bringers.app\/shop\/shop\/"},{"@type":"ListItem","position":3,"name":"Sushi Box 390 ml Braun ungeteilt, 400 Stk\/Krt (4 x 100 Stk) (ohne Deckel)"}]},{"@type":"WebSite","@id":"https:\/\/bringers.app\/shop\/#website","url":"https:\/\/bringers.app\/shop\/","name":"BRINGERS Shop","description":"Material f\u00fcr die Lieferung von Lebensmitteln und Ern\u00e4hrungsprodukten","potentialAction":[{"@type":"SearchAction","target":{"@type":"EntryPoint","urlTemplate":"https:\/\/bringers.app\/shop\/?s={search_term_string}"},"query-input":"required name=search_term_string"}],"inLanguage":"de"}]}},"_links":{"self":[{"href":"https:\/\/bringers.app\/shop\/wp-json\/wp\/v2\/product\/196728","targetHints":{"allow":["GET"]}}],"collection":[{"href":"https:\/\/bringers.app\/shop\/wp-json\/wp\/v2\/product"}],"about":[{"href":"https:\/\/bringers.app\/shop\/wp-json\/wp\/v2\/types\/product"}],"replies":[{"embeddable":true,"href":"https:\/\/bringers.app\/shop\/wp-json\/wp\/v2\/comments?post=196728"}],"wp:featuredmedia":[{"embeddable":true,"href":"https:\/\/bringers.app\/shop\/wp-json\/wp\/v2\/media\/887753"}],"wp:attachment":[{"href":"https:\/\/bringers.app\/shop\/wp-json\/wp\/v2\/media?parent=196728"}],"wp:term":[{"taxonomy":"product_cat","embeddable":true,"href":"https:\/\/bringers.app\/shop\/wp-json\/wp\/v2\/product_cat?post=196728"},{"taxonomy":"product_tag","embeddable":true,"href":"https:\/\/bringers.app\/shop\/wp-json\/wp\/v2\/product_tag?post=196728"}],"curies":[{"name":"wp","href":"https:\/\/api.w.org\/{rel}","templated":true}]}}