{"id":197184,"date":"2023-09-05T11:51:06","date_gmt":"2023-09-05T09:51:06","guid":{"rendered":"https:\/\/bringers.app\/shop\/?post_type=product&#038;p=197184"},"modified":"2023-10-30T17:44:20","modified_gmt":"2023-10-30T16:44:20","slug":"biopak-26","status":"publish","type":"product","link":"https:\/\/bringers.app\/shop\/produkt\/biopak-26\/","title":{"rendered":"Ronda Bowl Slim 350 ml Wei\u00df ungeteilt, 525 Stk\/Krt (15 x 35 Stk) (ohne Deckel)"},"content":{"rendered":"<p>Die Natur ist vielf\u00e4ltig. Diese Vielfalt findet sich auch in der neuen Ronda-Serie wieder, die in vielen Formen und Gr\u00f6\u00dfen erh\u00e4ltlich ist. Das wahrscheinlich vielseitigste nachhaltige Bowl-Angebot auf dem Markt. Die Bowls und Deckel bestehen aus FSC\u2122-zertifizierter Pappe mit einer pflanzlichen PLA-Biokunststoffbeschichtung. Sie sind industriell kompostierbar und k\u00f6nnen ohne grobe Verschmutzungen nach dem Gebrauch als Papier recycelt werden. Die Bowls sind f\u00fcr hei\u00dfe und kalte Speisen geeignet, sie sind fett- und wasserbest\u00e4ndig sowie mikrowellengeeignet. Optional sind transparente Deckel aus 100 % aus post-consumer recyceltem PET (RPET) erh\u00e4ltlich, die nach dem Gebrauch einfach wieder recycelt werden k\u00f6nnen. Material: Karton PLA-beschichtet. Datenblatt: <a href=\"https:\/\/mediabank.duni.com\/doc\/197184_DoC_de.pdf\">Deutsch\u00a0<\/a>\/ <a href=\"https:\/\/bringers.app\/shop\/wp-content\/uploads\/2023\/09\/197184_en.pdf\">Englisch<\/a><\/p>\n","protected":false},"excerpt":{"rendered":"<p>St\u00fcckpreis: 0,15 \u20ac<br \/>\nUSP:<br \/>\n\u2022 Schalen und Kartondeckel als industriell kompostierbar zertifiziert<br \/>\n\u2022 Schalen und Kartondeckel aus nachwachsendem Material<br \/>\n\u2022 Schalen und Kartondeckel aus FSC\u2122-zertifiziertem Material<br \/>\n\u2022 RPET-Deckel aus 100 % recyceltem Material<br \/>\n\u2022 Schalen und Kartondeckel mit biobasierter Laminierung<br \/>\n\u2022 Ausgezeichnete Stapelbarkeit<br \/>\n\u2022 Wasser- und fettbest\u00e4ndig<br \/>\nPassender Deckel Artikelnummer 196033<\/p>\n","protected":false},"featured_media":887707,"comment_status":"open","ping_status":"closed","template":"","meta":{"_et_pb_use_builder":"","_et_pb_old_content":"","_et_gb_content_width":""},"product_cat":[57],"product_tag":[],"class_list":{"0":"post-197184","1":"product","2":"type-product","3":"status-publish","4":"has-post-thumbnail","6":"product_cat-boxen-und-schalen","8":"first","9":"instock","10":"taxable","11":"shipping-taxable","12":"purchasable","13":"product-type-simple"},"yoast_head":"<!-- This site is optimized with the Yoast SEO plugin v22.1 - https:\/\/yoast.com\/wordpress\/plugins\/seo\/ -->\n<title>Ronda Bowl Slim 350 ml Wei\u00df ungeteilt, 525 Stk\/Krt (15 x 35 Stk) (ohne Deckel) - BRINGERS Shop<\/title>\n<meta name=\"robots\" content=\"index, follow, max-snippet:-1, max-image-preview:large, max-video-preview:-1\" \/>\n<link rel=\"canonical\" href=\"https:\/\/bringers.app\/shop\/produkt\/biopak-26\/\" \/>\n<meta property=\"og:locale\" content=\"de_DE\" \/>\n<meta property=\"og:type\" content=\"article\" \/>\n<meta property=\"og:title\" content=\"Ronda Bowl Slim 350 ml Wei\u00df ungeteilt, 525 Stk\/Krt (15 x 35 Stk) (ohne Deckel) - BRINGERS Shop\" \/>\n<meta property=\"og:description\" content=\"St\u00fcckpreis: 0,15 \u20ac USP: \u2022 Schalen und Kartondeckel als industriell kompostierbar zertifiziert \u2022 Schalen und Kartondeckel aus nachwachsendem Material \u2022 Schalen und Kartondeckel aus FSC\u2122-zertifiziertem Material \u2022 RPET-Deckel aus 100 % recyceltem Material \u2022 Schalen und Kartondeckel mit biobasierter Laminierung \u2022 Ausgezeichnete Stapelbarkeit \u2022 Wasser- und fettbest\u00e4ndig Passender Deckel Artikelnummer 196033\" \/>\n<meta property=\"og:url\" content=\"https:\/\/bringers.app\/shop\/produkt\/biopak-26\/\" \/>\n<meta property=\"og:site_name\" content=\"BRINGERS Shop\" \/>\n<meta property=\"article:modified_time\" content=\"2023-10-30T16:44:20+00:00\" \/>\n<meta property=\"og:image\" content=\"https:\/\/bringers.app\/shop\/wp-content\/uploads\/2023\/09\/197184-scaled.jpg\" \/>\n\t<meta property=\"og:image:width\" content=\"2560\" \/>\n\t<meta property=\"og:image:height\" content=\"2560\" \/>\n\t<meta property=\"og:image:type\" content=\"image\/jpeg\" \/>\n<meta name=\"twitter:card\" content=\"summary_large_image\" \/>\n<meta name=\"twitter:label1\" content=\"Gesch\u00e4tzte Lesezeit\" \/>\n\t<meta name=\"twitter:data1\" content=\"1\u00a0Minute\" \/>\n<script type=\"application\/ld+json\" class=\"yoast-schema-graph\">{\"@context\":\"https:\/\/schema.org\",\"@graph\":[{\"@type\":\"WebPage\",\"@id\":\"https:\/\/bringers.app\/shop\/produkt\/biopak-26\/\",\"url\":\"https:\/\/bringers.app\/shop\/produkt\/biopak-26\/\",\"name\":\"Ronda Bowl Slim 350 ml Wei\u00df ungeteilt, 525 Stk\/Krt (15 x 35 Stk) (ohne Deckel) - BRINGERS Shop\",\"isPartOf\":{\"@id\":\"https:\/\/bringers.app\/shop\/#website\"},\"datePublished\":\"2023-09-05T09:51:06+00:00\",\"dateModified\":\"2023-10-30T16:44:20+00:00\",\"breadcrumb\":{\"@id\":\"https:\/\/bringers.app\/shop\/produkt\/biopak-26\/#breadcrumb\"},\"inLanguage\":\"de\",\"potentialAction\":[{\"@type\":\"ReadAction\",\"target\":[\"https:\/\/bringers.app\/shop\/produkt\/biopak-26\/\"]}]},{\"@type\":\"BreadcrumbList\",\"@id\":\"https:\/\/bringers.app\/shop\/produkt\/biopak-26\/#breadcrumb\",\"itemListElement\":[{\"@type\":\"ListItem\",\"position\":1,\"name\":\"Startseite\",\"item\":\"https:\/\/bringers.app\/shop\/\"},{\"@type\":\"ListItem\",\"position\":2,\"name\":\"Shop\",\"item\":\"https:\/\/bringers.app\/shop\/shop\/\"},{\"@type\":\"ListItem\",\"position\":3,\"name\":\"Ronda Bowl Slim 350 ml Wei\u00df ungeteilt, 525 Stk\/Krt (15 x 35 Stk) (ohne Deckel)\"}]},{\"@type\":\"WebSite\",\"@id\":\"https:\/\/bringers.app\/shop\/#website\",\"url\":\"https:\/\/bringers.app\/shop\/\",\"name\":\"BRINGERS Shop\",\"description\":\"Material f\u00fcr die Lieferung von Lebensmitteln und Ern\u00e4hrungsprodukten\",\"potentialAction\":[{\"@type\":\"SearchAction\",\"target\":{\"@type\":\"EntryPoint\",\"urlTemplate\":\"https:\/\/bringers.app\/shop\/?s={search_term_string}\"},\"query-input\":\"required name=search_term_string\"}],\"inLanguage\":\"de\"}]}<\/script>\n<!-- \/ Yoast SEO plugin. -->","yoast_head_json":{"title":"Ronda Bowl Slim 350 ml Wei\u00df ungeteilt, 525 Stk\/Krt (15 x 35 Stk) (ohne Deckel) - BRINGERS Shop","robots":{"index":"index","follow":"follow","max-snippet":"max-snippet:-1","max-image-preview":"max-image-preview:large","max-video-preview":"max-video-preview:-1"},"canonical":"https:\/\/bringers.app\/shop\/produkt\/biopak-26\/","og_locale":"de_DE","og_type":"article","og_title":"Ronda Bowl Slim 350 ml Wei\u00df ungeteilt, 525 Stk\/Krt (15 x 35 Stk) (ohne Deckel) - BRINGERS Shop","og_description":"St\u00fcckpreis: 0,15 \u20ac USP: \u2022 Schalen und Kartondeckel als industriell kompostierbar zertifiziert \u2022 Schalen und Kartondeckel aus nachwachsendem Material \u2022 Schalen und Kartondeckel aus FSC\u2122-zertifiziertem Material \u2022 RPET-Deckel aus 100 % recyceltem Material \u2022 Schalen und Kartondeckel mit biobasierter Laminierung \u2022 Ausgezeichnete Stapelbarkeit \u2022 Wasser- und fettbest\u00e4ndig Passender Deckel Artikelnummer 196033","og_url":"https:\/\/bringers.app\/shop\/produkt\/biopak-26\/","og_site_name":"BRINGERS Shop","article_modified_time":"2023-10-30T16:44:20+00:00","og_image":[{"width":2560,"height":2560,"url":"https:\/\/bringers.app\/shop\/wp-content\/uploads\/2023\/09\/197184-scaled.jpg","type":"image\/jpeg"}],"twitter_card":"summary_large_image","twitter_misc":{"Gesch\u00e4tzte Lesezeit":"1\u00a0Minute"},"schema":{"@context":"https:\/\/schema.org","@graph":[{"@type":"WebPage","@id":"https:\/\/bringers.app\/shop\/produkt\/biopak-26\/","url":"https:\/\/bringers.app\/shop\/produkt\/biopak-26\/","name":"Ronda Bowl Slim 350 ml Wei\u00df ungeteilt, 525 Stk\/Krt (15 x 35 Stk) (ohne Deckel) - BRINGERS Shop","isPartOf":{"@id":"https:\/\/bringers.app\/shop\/#website"},"datePublished":"2023-09-05T09:51:06+00:00","dateModified":"2023-10-30T16:44:20+00:00","breadcrumb":{"@id":"https:\/\/bringers.app\/shop\/produkt\/biopak-26\/#breadcrumb"},"inLanguage":"de","potentialAction":[{"@type":"ReadAction","target":["https:\/\/bringers.app\/shop\/produkt\/biopak-26\/"]}]},{"@type":"BreadcrumbList","@id":"https:\/\/bringers.app\/shop\/produkt\/biopak-26\/#breadcrumb","itemListElement":[{"@type":"ListItem","position":1,"name":"Startseite","item":"https:\/\/bringers.app\/shop\/"},{"@type":"ListItem","position":2,"name":"Shop","item":"https:\/\/bringers.app\/shop\/shop\/"},{"@type":"ListItem","position":3,"name":"Ronda Bowl Slim 350 ml Wei\u00df ungeteilt, 525 Stk\/Krt (15 x 35 Stk) (ohne Deckel)"}]},{"@type":"WebSite","@id":"https:\/\/bringers.app\/shop\/#website","url":"https:\/\/bringers.app\/shop\/","name":"BRINGERS Shop","description":"Material f\u00fcr die Lieferung von Lebensmitteln und Ern\u00e4hrungsprodukten","potentialAction":[{"@type":"SearchAction","target":{"@type":"EntryPoint","urlTemplate":"https:\/\/bringers.app\/shop\/?s={search_term_string}"},"query-input":"required name=search_term_string"}],"inLanguage":"de"}]}},"_links":{"self":[{"href":"https:\/\/bringers.app\/shop\/wp-json\/wp\/v2\/product\/197184","targetHints":{"allow":["GET"]}}],"collection":[{"href":"https:\/\/bringers.app\/shop\/wp-json\/wp\/v2\/product"}],"about":[{"href":"https:\/\/bringers.app\/shop\/wp-json\/wp\/v2\/types\/product"}],"replies":[{"embeddable":true,"href":"https:\/\/bringers.app\/shop\/wp-json\/wp\/v2\/comments?post=197184"}],"wp:featuredmedia":[{"embeddable":true,"href":"https:\/\/bringers.app\/shop\/wp-json\/wp\/v2\/media\/887707"}],"wp:attachment":[{"href":"https:\/\/bringers.app\/shop\/wp-json\/wp\/v2\/media?parent=197184"}],"wp:term":[{"taxonomy":"product_cat","embeddable":true,"href":"https:\/\/bringers.app\/shop\/wp-json\/wp\/v2\/product_cat?post=197184"},{"taxonomy":"product_tag","embeddable":true,"href":"https:\/\/bringers.app\/shop\/wp-json\/wp\/v2\/product_tag?post=197184"}],"curies":[{"name":"wp","href":"https:\/\/api.w.org\/{rel}","templated":true}]}}